{"id":50,"date":"2014-10-06T18:03:16","date_gmt":"2014-10-06T16:03:16","guid":{"rendered":"http:\/\/www.neurologie.li\/home\/?page_id=50"},"modified":"2016-11-28T16:21:03","modified_gmt":"2016-11-28T14:21:03","slug":"dr-michael-carl-koehler","status":"publish","type":"page","link":"https:\/\/neurologie.li\/?page_id=50","title":{"rendered":"Dr. Michael Carl K\u00f6hler"},"content":{"rendered":"<p>ngg_shortcode_0_placeholderFacharzt f\u00fcr Neurologie und Psychiatrie<\/p>\n<p>Geb. 1959 in Wien<br \/>\nMedizinstudium in Wien, Promotion zum Dr. med. 1986<br \/>\nAusbildung zum Facharzt f\u00fcr Neurologie und Psychiatrie am LKH Rankweil (fr\u00fcher Valduna) in Vorarlberg.<br \/>\nGastaufenthalte u.a. Universit\u00e4t Wien, im Wilheminenspital Wien und am Kantonsspital St.Gallen<br \/>\nSeit 1997 in eigener Praxis in Vaduz\/F\u00fcrstentum Liechtenstein.<\/p>\n<p>Belegarzt am Liechtensteinischen Landesspital<\/p>\n<p>Wissenschaftliche Publikationen vor allem bez\u00fcglich Demenzen und Neurorehabilitation.<br \/>\nLudwig Boltzmann Preis 1994<\/p>\n<p>Zusatzdiplome:<\/p>\n<ul>\n<li>Elektromyographie\/Elektroneurographie<\/li>\n<li>Elektroencephalographie (EEG)<\/li>\n<li>Psychotherapeutische Medizin<\/li>\n<li>Psychosomatische Medizin<\/li>\n<li>Psychosoziale Medizin<\/li>\n<li>Akupunktur<\/li>\n<\/ul>\n<p>Mitgliedschaften:<\/p>\n<ul>\n<li>\u00d6sterreichische Gesellschaft f\u00fcr Neurologie<\/li>\n<li>\u00d6sterreichische Gesellschaft f\u00fcr Psychiatrie und Psychotherapie<\/li>\n<li>Schweizer Neurologische Gesellschaft<\/li>\n<li>American Academy of Neurology<\/li>\n<li>Liechtensteinischer \u00c4rzteverein<\/li>\n<li>Gesellschaft der \u00c4rzte in Vorarlberg<\/li>\n<\/ul>\n<p>Laufende Fortbildung durch den Besuch zahlreicher internationaler Kongresse und Fortbildungsveranstaltungen.St\u00e4ndiger Online-Zugang zu den wichtigsten amerikanischen Datenbanken<\/p>\n","protected":false},"excerpt":{"rendered":"<p>Facharzt f\u00fcr Neurologie und Psychiatrie Geb. 1959 in Wien Medizinstudium in Wien, Promotion zum Dr. med. 1986 Ausbildung zum Facharzt f\u00fcr Neurologie und Psychiatrie am LKH Rankweil (fr\u00fcher Valduna) in Vorarlberg. Gastaufenthalte u.a. Universit\u00e4t Wien, im Wilheminenspital Wien und am Kantonsspital St.Gallen Seit 1997 in eigener Praxis in Vaduz\/F\u00fcrstentum Liechtenstein. Belegarzt am Liechtensteinischen Landesspital Wissenschaftliche &hellip;<\/p>\n","protected":false},"author":1,"featured_media":0,"parent":36,"menu_order":10,"comment_status":"closed","ping_status":"closed","template":"","meta":{"ngg_post_thumbnail":0,"footnotes":""},"class_list":["post-50","page","type-page","status-publish","hentry"],"_links":{"self":[{"href":"https:\/\/neurologie.li\/index.php?rest_route=\/wp\/v2\/pages\/50","targetHints":{"allow":["GET"]}}],"collection":[{"href":"https:\/\/neurologie.li\/index.php?rest_route=\/wp\/v2\/pages"}],"about":[{"href":"https:\/\/neurologie.li\/index.php?rest_route=\/wp\/v2\/types\/page"}],"author":[{"embeddable":true,"href":"https:\/\/neurologie.li\/index.php?rest_route=\/wp\/v2\/users\/1"}],"replies":[{"embeddable":true,"href":"https:\/\/neurologie.li\/index.php?rest_route=%2Fwp%2Fv2%2Fcomments&post=50"}],"version-history":[{"count":3,"href":"https:\/\/neurologie.li\/index.php?rest_route=\/wp\/v2\/pages\/50\/revisions"}],"predecessor-version":[{"id":118,"href":"https:\/\/neurologie.li\/index.php?rest_route=\/wp\/v2\/pages\/50\/revisions\/118"}],"up":[{"embeddable":true,"href":"https:\/\/neurologie.li\/index.php?rest_route=\/wp\/v2\/pages\/36"}],"wp:attachment":[{"href":"https:\/\/neurologie.li\/index.php?rest_route=%2Fwp%2Fv2%2Fmedia&parent=50"}],"curies":[{"name":"wp","href":"https:\/\/api.w.org\/{rel}","templated":true}]}}